se 0*d + d - o = 0. Calculate the remainder when 35 is divided by d.
17
Suppose v - 75 = -4*v. Suppose -2*m = 4*c - 19 - v, -5*m + c = -52. Let t(s) = s**2 - 5*s - 5. Calculate the remainder when t(-4) is divided by m.
9
Suppose -7*q - 19 = -8*q - 4*b, q + b = 7. Suppose -y - 1 = -4. What is the remainder when q is divided by y?
0
Let c = -108 + 63. Let o = 90 + c. Calculate the remainder when o is divided by 16.
13
Suppose 5*b - b = 0, -3*t + 69 = 3*b. Calculate the remainder when t is divided by 4.
3
Let h = 4 + -6. Let k = 84 + 93. What is the remainder when (10/(-6) - h)*k is divided by 20?
19
Let o = -19 - -35. What is the remainder when 45 is divided by o?
13
Suppose 26 + 148 = z. Calculate the remainder when 1/(3 + (-519)/z) is divided by 15.
13
Suppose -2*q = 7 - 5. Let i = 9 - q. Calculate the remainder when 29 is divided by i.
9
Let j(f) = -4*f - 4. Let p be j(3). Let z = 26 + p. Calculate the remainder when 19 is divided by z.
9
Let c(s) = -s**2 - 11*s - 10. Let q be c(-10). Suppose -2*l + 0*l + 24 = q. Calculate the remainder when 23 is divided by l.
11
Suppose -3*f + t + 40 = 0, -3*f + 95 = 2*f + 4*t. What is the remainder when f is divided by ((-42)/35)/(3/(-20))?
7
Suppose 10*i + 4 = 464. What is the remainder when i is divided by 24?
22
Let u(c) = 12*c**3 - 2. Calculate the remainder when u(2) is divided by 24.
22
Suppose -2*q + m = -459, m = q - m - 237. What is the remainder when q is divided by 12?
11
Suppose 2*c - 61 = 77. Calculate the remainder when c is divided by 14.
13
Suppose -2*r - 9 = 6*x - x, 3*x = -2*r - 3. Let l = 5 + x. Suppose -8*w - l*v + 26 = -4*w, -w + 4*v + 11 = 0. Calculate the remainder when w is divided by 3.
1
Let i = 7 - 10. Let j(u) = 2*u**2 + 4*u - 1. What is the remainder when 7 is divided by j(i)?
2
Suppose 4*f + 4 - 16 = 0. Let v = f + 4. Suppose 0 = -5*n + n + 16. Calculate the remainder when v is divided by n.
3
Suppose 0 = -5*t + 10, 5*d + 7*t = 2*t + 200. Calculate the remainder when 149 is divided by d.
35
Let v = -18 + 44. Calculate the remainder when v is divided by 20.
6
Suppose -5*t = -3 - 17. Suppose -28 = 2*b - 6*b. Calculate the remainder when b is divided by t.
3
Let q(s) = -s**3 + 9*s**2 - 8*s + 14. What is the remainder when q(6) is divided by 19?
17
Let n = 57 - 54. What is the remainder when 18 is divided by n?
0
Let g = -90 - -49. Calculate the remainder when 19 is divided by (-1)/4 + g/(-4).
9
Let q = -33 + 47. What is the remainder when 39 is divided by q?
11
Suppose -5*l - b = -249, 0*l + 184 = 4*l - 3*b. What is the remainder when l is divided by 13?
10
Let i = -8 - -49. Suppose -i = 5*t - 106. What is the remainder when 25 is divided by t?
12
Let b be 2 - (-2 + 2 - -24). Let f = b - -36. Suppose 48 = 5*p - 82. What is the remainder when p is divided by f?
12
Let g(b) = 3*b + 4. Suppose 3*q = -q + 12. What is the remainder when ((-10)/6 + 3)*18 is divided by g(q)?
11
Suppose 2*h = 3*h - 31. Calculate the remainder when h is divided by 0 + 9 + 0 - 1.
7
Let t(v) = v - 2. Let k be t(6). Suppose -2*o + 6 = 5*c, -92 = -k*o + 5*c - 20. What is the remainder when o is divided by 74/14 - (-4)/(-14)?
3
Suppose t + 1 = 4. Let q be (-196)/(-10) + 2/5. Suppose 0 = -5*i + 5*g + q, -5*i - 5*g + 21 = -39. What is the remainder when i is divided by t?
2
Let p = 11 - 0. Let a = p - 8. Suppose -a*w + w = -2. Calculate the remainder when 1 is divided by w.
0
Suppose -k = -0 - 49. Let r = -35 + k. Calculate the remainder when 25 is divided by r.
11
Let w(s) = -4*s - 3. Suppose 0 = -2*c - 4 - 0. Calculate the remainder when w(c) is divided by 3.
2
Let x = 1 + 2. Let p be 2*(x/2 + 1). Suppose 2*t + 2*t - p*m = 15, -3 = -3*m. What is the remainder when t is divided by 2?
1
Let i = -58 + 97. Let h be (-94)/8*(-56)/14. Let m = -33 + h. What is the remainder when i is divided by m?
11
Suppose 10*n = 5*n + 5*a - 20, 4*n + a + 36 = 0. Let j = n + 29. Calculate the remainder when j is divided by 11.
10
Suppose -u = 3*u - 28. Suppose 2*j = -2*w + 10, 3*j + 17 = 7*w - 2*w. Suppose 0 = -6*z + w*z + 38. What is the remainder when z is divided by u?
5
Let c = 30 - -17. Calculate the remainder when c is divided by 16.
15
Let o(h) = -h**2 - 6*h + h - 2 + 9. Let x(w) = w - 6. Let j be x(0). What is the remainder when 1 is divided by o(j)?
0
Suppose -5*l + 6 = -3*l. Suppose l*p = -i + 2*p - 1, 0 = i - 3*p - 11. Calculate the remainder when (-80)/(-1)*1/i is divided by 14.
12
Suppose 2*b - 220 = -3*b. Calculate the remainder when 5 is divided by (-16)/(-6)*33/b.
1
Suppose -9 + 1 = 2*d, -20 = n + 5*d. Suppose n = -2*h + 4*h - 28. What is the remainder when -2 - (0 + -41) - -1 is divided by h?
12
Suppose 3*b = 4*b - 28. What is the remainder when 81 is divided by b?
25
What is the remainder when (8/(-2))/(-4) - -75 is divided by 39?
37
Suppose 2*t = 3*r + 27, -29 = -4*t - 0*r + r. Let c(h) = -2*h + 1. What is the remainder when (t/(-4))/((-5)/40) is divided by c(-3)?
5
Suppose -6*i = -i - 10. Suppose 0 = i*q - 3*q + 5, q + 30 = k. Suppose -2*h + h - 3*f = -k, -5*h + 5*f + 75 = 0. What is the remainder when h is divided by 7?
6
Let v(k) be the third derivative of k**4/24 - k**3/6 + k**2. Let w be v(0). What is the remainder when -2 - (w + 1 + -52) is divided by 13?
11
Suppose c + 0*c + 13 = 3*s, -2 = 3*s - 4*c. Let z(o) = -o**3 + 6*o**2 + o + 7. Calculate the remainder when z(s) is divided by 7.
6
Let c be -2*-2*(-2)/4. Calculate the remainder when 41 is divided by 5*3 - (-1 - c).
13
Let b = 1 - -6. What is the remainder when 17 is divided by b?
3
Suppose -6*p = -p. Suppose 4*f - 1 = 3*f. What is the remainder when (-22)/(-2*(p + f)) is divided by 4?
3
Let v = -2 - -7. Suppose 0 = -5*h + 5*c - 10 + 40, 0 = 3*h + c - 26. What is the remainder when (-2)/(22/h + -3) is divided by v?
3
Let i(r) = -r. Let o be i(1). What is the remainder when 35 is divided by 5 + -7 - (-16 - o)?
9
Suppose -5*q + q + 44 = 0. Calculate the remainder when 46 is divided by q.
2
Let p(q) be the second derivative of q**4/4 + q**3/6 - 2*q**2 - 2*q. Calculate the remainder when p(-3) is divided by 11.
9
Let r = 5 - -19. Calculate the remainder when 117 is divided by r.
21
Suppose 0 = 3*s - 21 - 3. Calculate the remainder when 11 is divided by s.
3
Let p(r) be the second derivative of r**3/6 + 2*r**2 - r. Calculate the remainder when 32 is divided by p(3).
4
Let d be 12*4/(2/(-1)). Calculate the remainder when 3 is divided by (-28)/d + 1/(-6).
0
Suppose -195 = -5*s - 4*q, -3*s + 63 = 5*q - 67. What is the remainder when s is divided by 12?
11
Suppose -256 - 314 = -5*r + 5*z, -4*r + 488 = 4*z. What is the remainder when r is divided by 24?
22
Suppose 2*i + s = -0*i + 57, -2*s = 3*i - 86. Let t = 39 - i. Calculate the remainder when 20 is divided by t.
9
Let k(u) = -4 + 1 - u + 0 - 1. Let v be k(-3). What is the remainder when 17 is divided by 2 - v/2*14?
8
Let p(g) = g**3 + g**2 + 16. Let f(t) = -t + 2. Let c be f(5). Let n be ((-3)/c - 2) + 1. Calculate the remainder when 47 is divided by p(n).
15
Let k(d) = d**3 - 5*d**2 - 3*d - 13. Let c(r) = -r**3 + 3*r**2 - r. Calculate the remainder when k(6) is divided by c(2).
1
Suppose 20 = -5*t, 0 = 3*s + 4*t + 24 - 68. What is the remainder when s is divided by 12?
8
Suppose 0 = -r - 4*i - 1, -2*r + 4*i = 26. Let p(t) = t**2 + 8*t + 2. Calculate the remainder when 19 is divided by p(r).
8
Let s(y) = -15*y**3 - 3*y**2 + 2*y - 2. Let x be s(2). Let g = -92 - x. What is the remainder when g is divided by (-76)/(-6) + 2/6?
12
Calculate the remainder when 175 is divided by 10*11*(-9)/(180/(-8)).
43
Suppose 2*u = -3*u + 15. Suppose 45 = 2*q - 3*o, -u*o = -4*q + 6*q - 39. What is the remainder when (124/6)/((-1)/(-3)) is divided by q?
20
Let u(j) = 2*j**2 + 8*j + 5. What is the remainder when 29 is divided by u(-5)?
14
Let x be 2 + (-2 - (-45 + 2)). Suppose 3*p = -3*k + 7*k - x, 80 = 5*k + 5*p. What is the remainder when 25 is divided by k?
12
Let a(y) be the first derivative of -4*y**2 - 2*y - 1. Calculate the remainder when 25 is divided by a(-2).
11
Suppose -2*n + 7*n = 0. Suppose -d - 4*d - 85 = n. Let j = d + 40. Calculate the remainder when 44 is divided by j.
21
Let u = 5 + 56. Calculate the remainder when u is divided by 17.
10
Suppose -4*c - 26 = -6*c. Suppose 2*g = -g. Suppose q + g*q = c. What i